{"id":1275,"date":"2020-06-14T17:29:57","date_gmt":"2020-06-14T17:29:57","guid":{"rendered":"https:\/\/noborder.fr\/?page_id=1275"},"modified":"2022-11-18T16:02:38","modified_gmt":"2022-11-18T15:02:38","slug":"qui-nous-sommes","status":"publish","type":"page","link":"https:\/\/noborder.fr\/?page_id=1275","title":{"rendered":"QUI NOUS SOMMES"},"content":{"rendered":"\n<div class=\"wp-block-media-text alignwide is-stacked-on-mobile\" style=\"grid-template-columns:21% auto\"><figure class=\"wp-block-media-text__media\"><img loading=\"lazy\" decoding=\"async\" width=\"640\" height=\"640\" src=\"https:\/\/noborder.fr\/wp-content\/uploads\/2022\/11\/julie-camera-tourelle-1.jpg\" alt=\"\" class=\"wp-image-2537 size-full\" srcset=\"https:\/\/noborder.fr\/wp-content\/uploads\/2022\/11\/julie-camera-tourelle-1.jpg 640w, https:\/\/noborder.fr\/wp-content\/uploads\/2022\/11\/julie-camera-tourelle-1-300x300.jpg 300w, https:\/\/noborder.fr\/wp-content\/uploads\/2022\/11\/julie-camera-tourelle-1-150x150.jpg 150w, https:\/\/noborder.fr\/wp-content\/uploads\/2022\/11\/julie-camera-tourelle-1-600x600.jpg 600w\" sizes=\"auto, (max-width: 640px) 100vw, 640px\" \/><\/figure><div class=\"wp-block-media-text__content\">\n<p class=\"has-medium-font-size\"><strong>JULIE COUREL<\/strong><\/p>\n\n\n\n<p style=\"font-size:16px\">R\u00e9alisatrice, monteuse et chercheuse en cin\u00e9ma documentaire.Titulaire d\u2019un doctorat en cin\u00e9ma documentaire \u00e0 caract\u00e8re anthropologique, elle d\u00e9veloppe film apr\u00e8s film sa pratique du cin\u00e9ma direct. Sa mise en sc\u00e8ne se construit au fur et \u00e0 mesure de l\u2019action, \u00e0 partir du comportement naturel des personnes film\u00e9es. Elle fait le montage de tous ses films ainsi que ceux d\u2019autres r\u00e9alisateurs engag\u00e9s. Elle enseigne la pratique de la vid\u00e9o aux Beaux-Arts de Paris depuis 2005.<\/p>\n<\/div><\/div>\n\n\n\n<p><\/p>\n\n\n\n<div class=\"wp-block-media-text alignwide is-stacked-on-mobile\" style=\"grid-template-columns:21% auto\"><figure class=\"wp-block-media-text__media\"><img loading=\"lazy\" decoding=\"async\" width=\"1024\" height=\"768\" src=\"https:\/\/noborder.fr\/wp-content\/uploads\/2022\/11\/Pierre-studio-1024x768.jpg\" alt=\"\" class=\"wp-image-2538 size-full\" srcset=\"https:\/\/noborder.fr\/wp-content\/uploads\/2022\/11\/Pierre-studio-1024x768.jpg 1024w, https:\/\/noborder.fr\/wp-content\/uploads\/2022\/11\/Pierre-studio-300x225.jpg 300w, https:\/\/noborder.fr\/wp-content\/uploads\/2022\/11\/Pierre-studio-768x576.jpg 768w, https:\/\/noborder.fr\/wp-content\/uploads\/2022\/11\/Pierre-studio.jpg 1200w\" sizes=\"auto, (max-width: 1024px) 100vw, 1024px\" \/><\/figure><div class=\"wp-block-media-text__content\">\n<p class=\"has-black-color has-text-color has-medium-font-size\"><strong>PIERRE CARRASCO<\/strong><\/p>\n\n\n\n<p style=\"font-size:16px\">Ing\u00e9nieur du son de formation et musicien, il travaille depuis 1987 dans l\u2019univers du cin\u00e9ma, du documentaire et pour tout ce qui met en rapport le son \u00e0 l\u2019image. Prise de son, montage son et cr\u00e9ation sonore, mixage, musique pour les films, il r\u00e9alise le son, de sa conception \u00e0 sa finalisation.<\/p>\n<\/div><\/div>\n\n\n\n<p class=\"has-black-color has-text-color has-normal-font-size\"><\/p>\n\n\n\n<div class=\"wp-block-media-text alignwide is-stacked-on-mobile\" style=\"grid-template-columns:21% auto\"><figure class=\"wp-block-media-text__media\"><img loading=\"lazy\" decoding=\"async\" width=\"1024\" height=\"683\" src=\"https:\/\/noborder.fr\/wp-content\/uploads\/2022\/11\/Hugues-pays-lointain-1024x683.jpg\" alt=\"\" class=\"wp-image-2544 size-full\" srcset=\"https:\/\/noborder.fr\/wp-content\/uploads\/2022\/11\/Hugues-pays-lointain-1024x683.jpg 1024w, https:\/\/noborder.fr\/wp-content\/uploads\/2022\/11\/Hugues-pays-lointain-300x200.jpg 300w, https:\/\/noborder.fr\/wp-content\/uploads\/2022\/11\/Hugues-pays-lointain-768x512.jpg 768w, https:\/\/noborder.fr\/wp-content\/uploads\/2022\/11\/Hugues-pays-lointain-1536x1024.jpg 1536w, https:\/\/noborder.fr\/wp-content\/uploads\/2022\/11\/Hugues-pays-lointain-2048x1366.jpg 2048w\" sizes=\"auto, (max-width: 1024px) 100vw, 1024px\" \/><\/figure><div class=\"wp-block-media-text__content\">\n<p class=\"has-black-color has-text-color has-medium-font-size\"><strong>HUGUES GEMIGNANI<\/strong><\/p>\n\n\n\n<p class=\"has-black-color has-text-color\"><a href=\"http:\/\/www.huguesgemignani.com\"><strong>www.huguesgemignani.com<\/strong><\/a><\/p>\n\n\n\n<p class=\"has-black-color has-text-color has-normal-font-size\">Directeur de la photographie pour des fictions, des documentaires et bien souvent pour des films qui brouillent les limites entre les deux.                                                                                               <\/p>\n<\/div><\/div>\n\n\n\n<div style=\"height:50px\" aria-hidden=\"true\" class=\"wp-block-spacer\"><\/div>\n\n\n\n<div class=\"wp-block-media-text alignwide is-stacked-on-mobile\" style=\"grid-template-columns:21% auto\"><figure class=\"wp-block-media-text__media\"><img loading=\"lazy\" decoding=\"async\" width=\"1024\" height=\"575\" src=\"https:\/\/noborder.fr\/wp-content\/uploads\/2022\/11\/IMG_1534-1024x575.jpg\" alt=\"\" class=\"wp-image-2548 size-full\" srcset=\"https:\/\/noborder.fr\/wp-content\/uploads\/2022\/11\/IMG_1534-1024x575.jpg 1024w, https:\/\/noborder.fr\/wp-content\/uploads\/2022\/11\/IMG_1534-300x169.jpg 300w, https:\/\/noborder.fr\/wp-content\/uploads\/2022\/11\/IMG_1534-768x432.jpg 768w, https:\/\/noborder.fr\/wp-content\/uploads\/2022\/11\/IMG_1534-1536x863.jpg 1536w, https:\/\/noborder.fr\/wp-content\/uploads\/2022\/11\/IMG_1534-2048x1151.jpg 2048w, https:\/\/noborder.fr\/wp-content\/uploads\/2022\/11\/IMG_1534-800x450.jpg 800w\" sizes=\"auto, (max-width: 1024px) 100vw, 1024px\" \/><\/figure><div class=\"wp-block-media-text__content\">\n<p class=\"has-black-color has-text-color has-medium-font-size\"><strong>SIMON GILLET<\/strong><\/p>\n\n\n\n<p class=\"has-black-color has-text-color\"><a href=\"http:\/\/www.simongillet.fr\"><strong>www.simongillet.fr<\/strong><\/a><\/p>\n\n\n\n<p class=\"has-black-color has-text-color has-normal-font-size\">Cin\u00e9aste, il r\u00e9alise depuis des ann\u00e9es des courts-m\u00e9trages et deux longs-m\u00e9trages qui se situent \u00e0 la lisi\u00e8re du fantastique tout en s\u2019inscrivant dans notre r\u00e9alit\u00e9 contemporaine.<\/p>\n<\/div><\/div>\n\n\n\n<div style=\"height:50px\" aria-hidden=\"true\" class=\"wp-block-spacer\"><\/div>\n\n\n\n<p class=\"has-black-color has-text-color has-medium-font-size\"><\/p>\n","protected":false},"excerpt":{"rendered":"<p>JULIE COUREL R\u00e9alisatrice, monteuse et chercheuse en cin\u00e9ma documentaire.Titulaire d\u2019un doctorat en cin\u00e9ma documentaire \u00e0 caract\u00e8re anthropologique, elle d\u00e9veloppe film apr\u00e8s film sa pratique du cin\u00e9ma direct. Sa mise en sc\u00e8ne se construit au fur et \u00e0 mesure de l\u2019action, \u00e0 partir du comportement naturel des personnes film\u00e9es. Elle fait le montage de tous ses [&hellip;]<\/p>\n","protected":false},"author":4,"featured_media":0,"parent":0,"menu_order":0,"comment_status":"closed","ping_status":"closed","template":"","meta":{"ocean_post_layout":"","ocean_both_sidebars_style":"","ocean_both_sidebars_content_width":0,"ocean_both_sidebars_sidebars_width":0,"ocean_sidebar":"0","ocean_second_sidebar":"0","ocean_disable_margins":"enable","ocean_add_body_class":"","ocean_shortcode_before_top_bar":"","ocean_shortcode_after_top_bar":"","ocean_shortcode_before_header":"","ocean_shortcode_after_header":"","ocean_has_shortcode":"","ocean_shortcode_after_title":"","ocean_shortcode_before_footer_widgets":"","ocean_shortcode_after_footer_widgets":"","ocean_shortcode_before_footer_bottom":"","ocean_shortcode_after_footer_bottom":"","ocean_display_top_bar":"default","ocean_display_header":"default","ocean_header_style":"","ocean_center_header_left_menu":"0","ocean_custom_header_template":"0","ocean_custom_logo":0,"ocean_custom_retina_logo":0,"ocean_custom_logo_max_width":0,"ocean_custom_logo_tablet_max_width":0,"ocean_custom_logo_mobile_max_width":0,"ocean_custom_logo_max_height":0,"ocean_custom_logo_tablet_max_height":0,"ocean_custom_logo_mobile_max_height":0,"ocean_header_custom_menu":"0","ocean_menu_typo_font_family":"0","ocean_menu_typo_font_subset":"","ocean_menu_typo_font_size":0,"ocean_menu_typo_font_size_tablet":0,"ocean_menu_typo_font_size_mobile":0,"ocean_menu_typo_font_size_unit":"px","ocean_menu_typo_font_weight":"","ocean_menu_typo_font_weight_tablet":"","ocean_menu_typo_font_weight_mobile":"","ocean_menu_typo_transform":"","ocean_menu_typo_transform_tablet":"","ocean_menu_typo_transform_mobile":"","ocean_menu_typo_line_height":0,"ocean_menu_typo_line_height_tablet":0,"ocean_menu_typo_line_height_mobile":0,"ocean_menu_typo_line_height_unit":"","ocean_menu_typo_spacing":0,"ocean_menu_typo_spacing_tablet":0,"ocean_menu_typo_spacing_mobile":0,"ocean_menu_typo_spacing_unit":"","ocean_menu_link_color":"","ocean_menu_link_color_hover":"","ocean_menu_link_color_active":"","ocean_menu_link_background":"","ocean_menu_link_hover_background":"","ocean_menu_link_active_background":"","ocean_menu_social_links_bg":"","ocean_menu_social_hover_links_bg":"","ocean_menu_social_links_color":"","ocean_menu_social_hover_links_color":"","ocean_disable_title":"default","ocean_disable_heading":"default","ocean_post_title":"","ocean_post_subheading":"","ocean_post_title_style":"","ocean_post_title_background_color":"","ocean_post_title_background":0,"ocean_post_title_bg_image_position":"","ocean_post_title_bg_image_attachment":"","ocean_post_title_bg_image_repeat":"","ocean_post_title_bg_image_size":"","ocean_post_title_height":0,"ocean_post_title_bg_overlay":0.5,"ocean_post_title_bg_overlay_color":"","ocean_disable_breadcrumbs":"default","ocean_breadcrumbs_color":"","ocean_breadcrumbs_separator_color":"","ocean_breadcrumbs_links_color":"","ocean_breadcrumbs_links_hover_color":"","ocean_display_footer_widgets":"default","ocean_display_footer_bottom":"default","ocean_custom_footer_template":"0","footnotes":""},"class_list":["post-1275","page","type-page","status-publish","hentry","entry"],"jetpack_sharing_enabled":true,"_links":{"self":[{"href":"https:\/\/noborder.fr\/index.php?rest_route=\/wp\/v2\/pages\/1275","targetHints":{"allow":["GET"]}}],"collection":[{"href":"https:\/\/noborder.fr\/index.php?rest_route=\/wp\/v2\/pages"}],"about":[{"href":"https:\/\/noborder.fr\/index.php?rest_route=\/wp\/v2\/types\/page"}],"author":[{"embeddable":true,"href":"https:\/\/noborder.fr\/index.php?rest_route=\/wp\/v2\/users\/4"}],"replies":[{"embeddable":true,"href":"https:\/\/noborder.fr\/index.php?rest_route=%2Fwp%2Fv2%2Fcomments&post=1275"}],"version-history":[{"count":58,"href":"https:\/\/noborder.fr\/index.php?rest_route=\/wp\/v2\/pages\/1275\/revisions"}],"predecessor-version":[{"id":2551,"href":"https:\/\/noborder.fr\/index.php?rest_route=\/wp\/v2\/pages\/1275\/revisions\/2551"}],"wp:attachment":[{"href":"https:\/\/noborder.fr\/index.php?rest_route=%2Fwp%2Fv2%2Fmedia&parent=1275"}],"curies":[{"name":"wp","href":"https:\/\/api.w.org\/{rel}","templated":true}]}}

<div class="wp-block-media-text alignwide is-stacked-on-mobile" style="grid-template-columns:21% auto"><figure class="wp-block-media-text__media"><img loading="lazy" decoding="async" width="640" height="640" src="https://noborder.fr/wp-content/uploads/2022/11/julie-camera-tourelle-1.jpg" alt="" class="wp-image-2537 size-full" srcset="https://noborder.fr/wp-content/uploads/2022/11/julie-camera-tourelle-1.jpg 640w, https://noborder.fr/wp-content/uploads/2022/11/julie-camera-tourelle-1-300x300.jpg 300w, https://noborder.fr/wp-content/uploads/2022/11/julie-camera-tourelle-1-150x150.jpg 150w, https://noborder.fr/wp-content/uploads/2022/11/julie-camera-tourelle-1-600x600.jpg 600w" sizes="auto, (max-width: 640px) 100vw, 640px" /></figure><div class="wp-block-media-text__content">
<p class="has-medium-font-size"><strong>JULIE COUREL</strong></p>



<p style="font-size:16px">Réalisatrice, monteuse et chercheuse en cinéma documentaire.Titulaire d’un doctorat en cinéma documentaire à caractère anthropologique, elle développe film après film sa pratique du cinéma direct. Sa mise en scène se construit au fur et à mesure de l’action, à partir du comportement naturel des personnes filmées. Elle fait le montage de tous ses films ainsi que ceux d’autres réalisateurs engagés. Elle enseigne la pratique de la vidéo aux Beaux-Arts de Paris depuis 2005.</p>
</div></div>



<p></p>



<div class="wp-block-media-text alignwide is-stacked-on-mobile" style="grid-template-columns:21% auto"><figure class="wp-block-media-text__media"><img loading="lazy" decoding="async" width="1024" height="768" src="https://noborder.fr/wp-content/uploads/2022/11/Pierre-studio-1024x768.jpg" alt="" class="wp-image-2538 size-full" srcset="https://noborder.fr/wp-content/uploads/2022/11/Pierre-studio-1024x768.jpg 1024w, https://noborder.fr/wp-content/uploads/2022/11/Pierre-studio-300x225.jpg 300w, https://noborder.fr/wp-content/uploads/2022/11/Pierre-studio-768x576.jpg 768w, https://noborder.fr/wp-content/uploads/2022/11/Pierre-studio.jpg 1200w" sizes="auto, (max-width: 1024px) 100vw, 1024px" /></figure><div class="wp-block-media-text__content">
<p class="has-black-color has-text-color has-medium-font-size"><strong>PIERRE CARRASCO</strong></p>



<p style="font-size:16px">Ingénieur du son de formation et musicien, il travaille depuis 1987 dans l’univers du cinéma, du documentaire et pour tout ce qui met en rapport le son à l’image. Prise de son, montage son et création sonore, mixage, musique pour les films, il réalise le son, de sa conception à sa finalisation.</p>
</div></div>



<p class="has-black-color has-text-color has-normal-font-size"></p>



<div class="wp-block-media-text alignwide is-stacked-on-mobile" style="grid-template-columns:21% auto"><figure class="wp-block-media-text__media"><img loading="lazy" decoding="async" width="1024" height="683" src="https://noborder.fr/wp-content/uploads/2022/11/Hugues-pays-lointain-1024x683.jpg" alt="" class="wp-image-2544 size-full" srcset="https://noborder.fr/wp-content/uploads/2022/11/Hugues-pays-lointain-1024x683.jpg 1024w, https://noborder.fr/wp-content/uploads/2022/11/Hugues-pays-lointain-300x200.jpg 300w, https://noborder.fr/wp-content/uploads/2022/11/Hugues-pays-lointain-768x512.jpg 768w, https://noborder.fr/wp-content/uploads/2022/11/Hugues-pays-lointain-1536x1024.jpg 1536w, https://noborder.fr/wp-content/uploads/2022/11/Hugues-pays-lointain-2048x1366.jpg 2048w" sizes="auto, (max-width: 1024px) 100vw, 1024px" /></figure><div class="wp-block-media-text__content">
<p class="has-black-color has-text-color has-medium-font-size"><strong>HUGUES GEMIGNANI</strong></p>



<p class="has-black-color has-text-color"><a href="http://www.huguesgemignani.com"><strong>www.huguesgemignani.com</strong></a></p>



<p class="has-black-color has-text-color has-normal-font-size">Directeur de la photographie pour des fictions, des documentaires et bien souvent pour des films qui brouillent les limites entre les deux.                                                                                               </p>
</div></div>



<div style="height:50px" aria-hidden="true" class="wp-block-spacer"></div>



<div class="wp-block-media-text alignwide is-stacked-on-mobile" style="grid-template-columns:21% auto"><figure class="wp-block-media-text__media"><img loading="lazy" decoding="async" width="1024" height="575" src="https://noborder.fr/wp-content/uploads/2022/11/IMG_1534-1024x575.jpg" alt="" class="wp-image-2548 size-full" srcset="https://noborder.fr/wp-content/uploads/2022/11/IMG_1534-1024x575.jpg 1024w, https://noborder.fr/wp-content/uploads/2022/11/IMG_1534-300x169.jpg 300w, https://noborder.fr/wp-content/uploads/2022/11/IMG_1534-768x432.jpg 768w, https://noborder.fr/wp-content/uploads/2022/11/IMG_1534-1536x863.jpg 1536w, https://noborder.fr/wp-content/uploads/2022/11/IMG_1534-2048x1151.jpg 2048w, https://noborder.fr/wp-content/uploads/2022/11/IMG_1534-800x450.jpg 800w" sizes="auto, (max-width: 1024px) 100vw, 1024px" /></figure><div class="wp-block-media-text__content">
<p class="has-black-color has-text-color has-medium-font-size"><strong>SIMON GILLET</strong></p>



<p class="has-black-color has-text-color"><a href="http://www.simongillet.fr"><strong>www.simongillet.fr</strong></a></p>



<p class="has-black-color has-text-color has-normal-font-size">Cinéaste, il réalise depuis des années des courts-métrages et deux longs-métrages qui se situent à la lisière du fantastique tout en s’inscrivant dans notre réalité contemporaine.</p>
</div></div>



<div style="height:50px" aria-hidden="true" class="wp-block-spacer"></div>



<p class="has-black-color has-text-color has-medium-font-size"></p>

<p>JULIE COUREL Réalisatrice, monteuse et chercheuse en cinéma documentaire.Titulaire d’un doctorat en cinéma documentaire à caractère anthropologique, elle développe film après film sa pratique du cinéma direct. Sa mise en scène se construit au fur et à mesure de l’action, à partir du comportement naturel des personnes filmées. Elle fait le montage de tous ses [&hellip;]</p>
